3, 7
Let f(x) = 4*x**2 + 18*x + 3. Suppose -27*q + 23*q - 24 = 0. Let k be f(q). Suppose -c + 22 = -k. List the prime factors of c.
61
Suppose -p + 54956 = w, 83*p + w = 80*p + 164864. List the prime factors of p.
2, 3, 43, 71
Let i be (280/(-60))/((-2)/(-6)). Let g(j) = -309*j + 48. Let f be g(i). Suppose 0 = 21*r - f - 1653. What are the prime factors of r?
7, 41
Let t(s) = 4*s**2 + 7*s - 22. Suppose 5*f = 2*f + u + 196, 5*f = -u + 324. Let o = f - 73. What are the prime factors of t(o)?
2, 89
Let o = 59227 + -13067. List the prime factors of o.
2, 5, 577
Let x(u) = -3*u**2 + 4*u + 3. Let c(p) = -p**2 + 2*p. Let r(q) = -5*c(q) + x(q). Let g(d) = 7*d + 1. Let l be g(-1). What are the prime factors of r(l)?
3, 37
Let t(h) be the first derivative of -7/2*h**2 - 3 + 7*h. What are the prime factors of t(-2)?
3, 7
What are the prime factors of 14 + -13 + 9103 + -8?
2, 3, 379
Let t = 95 - 158. Let d be (2121/t)/((-14)/6 + 2). Let o = -73 + d. What are the prime factors of o?
2, 7
Suppose -8225*g + 2674 + 5414 = -8223*g. What are the prime factors of g?
2, 3, 337
Let t = 1507 - 235. Suppose -631*x - 641*x = -1287*x + 30. Suppose 6*b = -x*b + t. List the prime factors of b.
3, 53
Suppose -3*y + 3*a + 36 = 0, -2*y - 4*a + 29 = -a. Let d = y - 9. Suppose 68 - 528 = -d*q. What are the prime factors of q?
5, 23
Suppose 0 = 6*g - 29240 - 508. What are the prime factors of g?
2, 37, 67
Let y(g) be the first derivative of -51*g**2 - 13*g + 52. What are the prime factors of y(-5)?
7, 71
Let u(t) = -5 + 16 - 7*t - 4 + 0*t. Let y be u(-6). Let c = 155 - y. What are the prime factors of c?
2, 53
Let t = 7944 + -5819. What are the prime factors of t?
5, 17
Let g be (-48)/(-18)*9/6. Suppose -g*k - 56 = k + 4*t, 5*k - 2*t = -62. What are the prime factors of (296/k)/((-2)/3)?
37
Let o(p) = 13*p - 2*p - 16 + 2*p + 110. List the prime factors of o(6).
2, 43
What are the prime factors of 82244/13 + 888/(-1924)?
2, 3163
Suppose 4*r + 1073 - 209 = 0. Let l = r + 242. What are the prime factors of l?
2, 13
Suppose -5*k + p = -377, -2*p - 168 = -5*k + 211. Let n = k + -70. List the prime factors of (-1 - -51)/(-3 + n - 0).
5
Let l be (-3)/((84/(-8))/(-7)). Let s be (2/(-4))/(l/4). What are the prime factors of (80/24)/(s/6)?
2, 5
Let d be (153/18 - 8)/(2/5836). Suppose -2*k = -5*m + 5015, 5*m - d - 3556 = 3*k. What are the prime factors of m?
17, 59
List the prime factors of 789/4*1/3*88.
2, 11, 263
Let y be (5 - (-288)/(-63)) + (-3930)/7. Let u = 818 + y. What are the prime factors of u?
257
Suppose 259140 = 277*b - 172*b. What are the prime factors of b?
2, 617
Let j(u) = -u**3 - 25*u**2 + 16*u + 63. Let o(k) = 28*k**3 - 4*k - 2. Let y be o(-1). List the prime factors of j(y).
17, 19
What are the prime factors of (-15)/((-75)/51215) - -3?
2, 47, 109
What are the prime factors of 36*-1*320877/(-1212)?
3, 353
Suppose 0 = -v + 3*r + 256, -3*v - 5*r = -r - 833. Let t = v + -144. Suppose t + 53 = 3*c. What are the prime factors of c?
2, 3, 5
Suppose 1497 = 5*g - 1368. Let k = 325 + g. What are the prime factors of k?
2, 449
Let h(l) = 4*l**3 + l + 1. Let v be h(-1). Let g be (-2)/v*-10*(-6)/6. Let t(r) = 13*r - 2. What are the prime factors of t(g)?
3, 7
Suppose -660*n = -659*n + 9. Let f(h) = -77*h - 48. List the prime factors of f(n).
3, 5, 43
Let q be 1/((-7)/217)*9. Let o = q - -644. What are the prime factors of o?
5, 73
Let y(c) = 15775*c - 219. What are the prime factors of y(1)?
2, 3889
Let t = -75 - -91. Suppose -3*o = -s + 50 + t, -2*s = 2*o + 44. What are the prime factors of (5 + o/1)*-2?
2, 17
Suppose 66746 = 22*s + 14034. Suppose s = -n + 3175. List the prime factors of n.
19, 41
Let f be 399/27 + (-4)/(-18). Suppose -3*k = -5*o - 23 + 41, o = -5*k - 2. Suppose b - 2*b + o*l = -113, -3*l + f = 0. List the prime factors of b.
2
Suppose 38220 = 5*v - 2*k - 29534, 0 = 2*v - 2*k - 27104. List the prime factors of v.
2, 5, 271
Suppose 3 = 2*a + s - 4, 2*s + 4 = 2*a. Suppose -1551 = -a*z - 336. Suppose -2*x + g = 2*x - 535, -3*x - 3*g + z = 0. What are the prime factors of x?
2, 67
Let n(f) = 91*f**2 - 3*f + 4. Suppose 0 = 4*t - 4 - 12. What are the prime factors of n(t)?
2, 181
Let s(j) = -9*j**2 - j + 30. Let c be s(2). Suppose -4*a - 2824 - 1880 = 0. What are the prime factors of a/(-10) + (c/(-5))/4?
2, 59
Suppose -25*g + 11855 + 44452 = -79743. List the prime factors of g.
2, 3, 907
Suppose h = 4*h - 2496. Suppose -6 = 9*a - 7*a, 5*m - 34 = -2*a. List the prime factors of m/14 - h/(-14).
2, 3, 5
What are the prime factors of (916381/(-1384))/((14/(-16))/7)?
5297
Suppose 85*w - 10*w = 131850. List the prime factors of w.
2, 3, 293
Suppose -1832 + 37742 = 6*o. List the prime factors of o.
3, 5, 7, 19
Let o(m) = -2*m**3 + 205*m**2 + 157*m + 239. List the prime factors of o(102).
19, 23, 61
Let w = 1286 - 657. Suppose -w = -12*v + 2467. List the prime factors of v.
2, 3, 43
Let o(z) = -968*z - 169. Suppose -15 = 24*l + 33. What are the prime factors of o(l)?
3, 19, 31
Let w(g) = g**2 + g + 2. Let t(a) = -3*a**2 - 4*a + 992. Let y(r) = t(r) + 5*w(r). What are the prime factors of y(0)?
2, 3, 167
Suppose 5*g + 132 = 2*g. Let k = -37 - g. Let s(i) = 26*i - 32. List the prime factors of s(k).
2, 3, 5
Let n(d) = 4*d**3 - 17 - 2*d**2 + d**3 + 0*d - 2*d + 20. Let h be n(1). Suppose 4*r - 117 = m, -h*r + 71 = 2*m - 31. List the prime factors of r.
2, 7
Let g(n) = 45 + 78 + 650*n - 1321*n + 651*n. List the prime factors of g(-28).
683
Let y(p) = 139*p + 17. Let r = 137 - 134. List the prime factors of y(r).
2, 7, 31
Let y(z) be the first derivative of -7*z**2/2 - 32*z + 42. Let l be -11 - (-5)/((-10)/(-6)). What are the prime factors of y(l)?
2, 3
Let v(b) = -13*b + 117. Let c be v(5). Suppose -2*u + 3*s = -365, 0 = u + 2*s - 134 - c. What are the prime factors of u?
2, 23
Let g = -70488 + 126018. List the prime factors of g.
2, 3, 5, 617
Let v be ((-4 - 1) + 3)*(-6582)/(-12). Let z = 1660 + v. What are the prime factors of z?
563
Let d be (8 - 5)/(((-3)/(-3))/(-6)). List the prime factors of d/27 + 3579/9.
397
Let l(q) = 2*q**3 - 35*q**2 + 7*q + 8. Let s = 212 - 193. What are the prime factors of l(s)?
2, 3, 17
Let i = 13192 - 12340. What are the prime factors of i?
2, 3, 71
Suppose z - 141 = 127. Let t = z + 345. List the prime factors of t.
613
List the prime factors of ((2332/(-176))/53)/(1/(-172908)).
3, 1601
Let m be 1/2*(-13 + 79). Suppose -26*s = -m*s + 2835. List the prime factors of s.
3, 5
Let j be 2 - (-1)/(-1 + (0 - -2)). Suppose 5*y - 4760 = -3*z + 385, j*y = -3*z + 5139. List the prime factors of z.
2, 3, 5, 19
List the prime factors of (-5 + (9 - 3))*4054.
2, 2027
Let r be (7 - 0/11)*(-40)/(-14). Suppose -r*f = 3*f - 13248. List the prime factors of f.
2, 3
Suppose 3*j - 4*f = -4348, -j - 153 = -3*f + 1303. Let c = 2132 + j. List the prime factors of c.
2, 43
Let r(n) = 2*n**2 + n**3 + 4 + 10*n**2 - 13 - 16*n - 2. List the prime factors of r(-13).
2, 7
Suppose -10*w + 112 = 4*w. Suppose 0 = 10*m - w*m + o - 753, 5*o = -m + 399. Let d = m + -219. What are the prime factors of d?
5, 31
Let g(u) = 389*u**2 - 39*u - 101. List the prime factors of g(-4).
3, 7, 13, 23
Suppose -94311 = -169*b + 522877. What are the prime factors of b?
2, 11, 83
Let i(u) = 6*u**2 + 8*u - 12. Let v(t) = -10*t**3 + t**2 - 2*t + 2. Let z be v(1). Let s = 13 + z. List the prime factors of i(s).
2, 29
Let s = 447 - 222. Let m = s + 340. List the prime factors of m.
5, 113
Suppose 231*b = 1090*b - 76756804. What are the prime factors of b?
2, 89, 251
Let h = -8861 - -12074. List the prime factors of h.
3, 7, 17
Let d = -442 - -754. Let p = d - 307. What are the prime factors of p?
5
Suppose -1610 = -17*v + 1875. What are the prime factors of v?
5, 41
Suppose -185*b + 29823 = -172*b - 83277. What are the prime factors of b?
2, 3, 5, 29
Let n(i) = i**2 + 3*i - 14. Let j be n(3). Suppose j*p = d - 3*d + 198, -5*p = -5*d + 555. List the prime factors of d.
107
Suppose 228*s - 5303594 - 2336710 = 4669872. List the prime factors of s.
2, 17, 397
Let r(m) = m**3 - 8*m**2 + 10*m - 17. Let j be r(7). Suppose -j*o - 27 = -o. What are the prime factors of (12/(-8))/(o/(-696)*-2)?
2, 29
Suppose 0 = 5*p + 4*m - 1910, m = -3*p - 3*m + 1154. Suppose 5*f - p = i + 353, -i = -4*f + 585. What are the 